 + 489. Does 35 divide n?
True
Let i be (-6)/3*(-2)/4. Suppose -d + i = -3. Suppose -d*h + 147 = -141. Does 18 divide h?
True
Let k be 1*((-192)/(-40))/(1/30). Suppose 39 = -3*x + k. Does 14 divide x?
False
Let f = 137 + 5. Let p = f - 97. Does 9 divide p?
True
Suppose -2*p + 2*q = -4, -3*q = -6*q. Suppose p*w + w + 133 = 2*f, -5*w - 200 = -3*f. Is f a multiple of 13?
True
Let g(o) = o**3 - 2*o - 8. Let q be g(0). Is (-100)/q + (-3)/6 a multiple of 12?
True
Let k(a) = a + 17. Let y be k(-12). Let t = -1 + y. Does 22 divide -3 + 1/(t/212)?
False
Suppose 0 = -2*q + 4*y + 248, 2*y - 128 = q - 2*q. Is q a multiple of 18?
True
Let j be 2*(1 - -3 - 2). Suppose -2 = j*z - 3*z. Does 12 divide (48/30)/(z/(-60))?
True
Let h(j) = -j**2 - 8*j - 6. Let o be h(-7). Let k(v) = -28*v - 2. Let m(d) = -1. Let g(u) = o*k(u) - 3*m(u). Does 29 divide g(-1)?
True
Suppose -30 = -5*x - 5*v, -5*x + 1 = -2*v - 8. Suppose 2*q = -3*j + 163, -x*q - 174 = -4*j + 32. Is j a multiple of 14?
False
Let q(m) be the second derivative of m**7/1260 + m**6/80 + 11*m**5/120 + 7*m**4/12 + 2*m. Let j(d) be the third derivative of q(d). Is j(-8) a multiple of 21?
False
Let j = 544 - 376. Is 28 a factor of j?
True
Suppose -3*b + 5*v = -4350, -5*v = 5*b - 9363 + 2073. Does 17 divide b?
False
Suppose -v + 0*v + 5*x + 505 = 0, 5*v - 2*x - 2456 = 0. Is 35 a factor of v?
True
Let k = 718 - 278. Is k a multiple of 22?
True
Let f = 638 - 362. Does 23 divide f?
True
Let n be -23*3/36*4*-3. Let z(o) = -o**2 + 28*o + 6. Does 38 divide z(n)?
False
Let y = 0 + 3. Let m(z) = 2*z**2 - 2*z - 1. Let g be m(5). Suppose -d - 256 = -5*t - g, -4*t + 167 = -y*d. Is t a multiple of 22?
True
Does 81 divide (12 - -6)*945/10?
True
Let w = -231 + 360. Is 3 a factor of w?
True
Let m = 1 + -14. Let c = -11 - m. Suppose 4*a - c*w + 3*w = 147, -9 = -3*w. Does 9 divide a?
True
Let d = 1436 + -892. Does 4 divide d?
True
Let n(m) = 641*m - 6. Let g be n(-2). Is 16 a factor of (-1)/3 - (g/12 - 5)?
True
Suppose -17*u = -16*u - 400. Is u a multiple of 51?
False
Suppose -23*r + 13*r = -3230. Is r a multiple of 84?
False
Suppose 0*y + 5*x = -5*y - 85, -4*x = -y + 8. Is (57/y + 4)*-16 a multiple of 6?
True
Suppose -3318 = -2*n + 5*q + 51, -4*q - 1677 = -n. Is n a multiple of 44?
False
Let p be 21/1*270/35. Suppose 3*l + 204 = 5*f, 3*f + 3*l = 7*f - p. Does 4 divide f?
False
Let f(s) = 3*s - 21. Suppose 1 = -4*k - 5*b - 6, -5*k - 3*b + 1 = 0. Suppose -q - k*q + 54 = 3*g, -5*g = -2*q - 76. Is 11 a factor of f(g)?
False
Suppose -u + 3*u + 36 = 2*v, 2*u - v = -37. Let a = 19 + u. Suppose -2*y = 2*z - 26, a = z + z + 4. Does 2 divide y?
False
Is (1908/(-371))/((-6)/784) a multiple of 32?
True
Let d = -11 + 17. Suppose -d*n = -2*n. Is 2 a factor of (-1 - n)*-2 + 4?
True
Suppose -1641 + 266 = -11*f. Is f a multiple of 5?
True
Let r(a) be the second derivative of -a**4/12 + 8*a**3/3 + 5*a**2 - 12*a. Let j be r(12). Suppose 0 = 16*u - 14*u - j. Is u a multiple of 29?
True
Let d be 26 - (-1 + 6/3). Suppose 9*p = 14*p - d. Suppose p*w - 11 = -5*l - 1, 0 = -2*w + 5*l + 25. Does 5 divide w?
True
Let i be 3/(-2) + (-123)/(-2). Let r = i + -40. Does 5 divide r?
True
Is (-2)/5 + (-2737)/(-5) a multiple of 6?
False
Suppose -5*f + 3040 = 5*i, i - 693 = -3*f + 1133. Is f a multiple of 2?
False
Let g(r) = -38*r**3 + r. Suppose -2*m - 11 = 2*y - 5*m, m = -5*y - 2. Does 8 divide g(y)?
False
Let f = -381 - -218. Let r = -75 - f. Is r a multiple of 21?
False
Suppose -3*f - 6*f + 1296 = 0. Suppose -4*l + f = -3*v + v, -3*l = -v - 106. Is l a multiple of 27?
False
Suppose 6*g - 3*g = 9. Suppose g*u - 439 = 155. Is 18 a factor of u?
True
Suppose 0 = -21*u + 19*u - 8. Let h be ((-3)/u)/((-3)/264). Is 15 a factor of -1 + 2 + (-1 - h)?
False
Let x be (-1)/(-3) + (-40)/(-15). Let w be (3 + -6 - -2) + x. Suppose -2*i = -2*q + w*i + 18, -3*i = -6. Is 13 a factor of q?
True
Let y be ((-22)/(-44))/((-1)/(-12)*2). Suppose -2*a + 4*b + 40 = 0, 3*b - 10 = y*a - 4*a. Does 8 divide a?
True
Suppose 0 = -6*g + 249 + 447. Is 29 a factor of g?
True
Let s(w) be the first derivative of 5*w**2 + 9*w + 1. Is 22 a factor of s(10)?
False
Let q = 307 - 155. Let l = -71 + q. Does 17 divide l?
False
Suppose -z - 5*y - 10 = -6*y, 4 = y. Is 11*(-3)/6*z a multiple of 3?
True
Let i = -8 - -10. Suppose 3*h - i = 4. Suppose -11 + 57 = 2*s + h*b, 73 = 3*s + 2*b. Is 20 a factor of s?
False
Let t = -199 + 115. Let v = t + 184. Is v a multiple of 20?
True
Suppose -4*k - 47 = -2*z - 13, -2*z + k + 34 = 0. Suppose 5*b - z = -2, b = s - 26. Suppose 4*a - 94 = -3*n, 5*a - s = -n + 6*a. Does 17 divide n?
False
Let q be (2 + (-15)/6)*0. Suppose -3*g - 2*t = -0*g - 84, 0 = 2*g + 4*t - 48. Suppose q*y = 5*y - g. Is y a multiple of 2?
True
Let m(h) = 101*h + 35. Is m(7) a multiple of 21?
False
Suppose 5*k + 9 = 5*a + 24, 4*a = -3*k + 2. Suppose -29 = -5*z + j, 4*z - 3*j = 17 + 15. Suppose -131 = -4*t - z*f, t + k*f - 44 + 12 = 0. Does 17 divide t?
True
Suppose 3*g + 165 = -4*x - 1151, -x = -2*g - 892. Let q = g - -707. Is q a multiple of 21?
False
Let c be 4/2 - (4 + -25). Suppose 2*h - 35 = -3*h. Suppose 5*r - 23 = s, -2*r - 2*s + c = -h*s. Is 4 a factor of r?
True
Suppose 2*c - 51 = -5*n, -5*n = -c + 2*c - 28. Let q = 88 - c. Is q a multiple of 13?
True
Let t(b) = 13*b**2 + 1 + 0*b**3 + 4*b**3 - 5*b**3 + 15*b. Let d be (2 + -4)*(-5 - 2). Does 3 divide t(d)?
True
Let x(c) = -c**3 - 11*c**2 - 12*c + 4. Let s = 11 - 21. Is x(s) a multiple of 20?
False
Let c(p) = 2*p**2 + 7*p. Let q be c(7). Suppose -3*k = -4*h - q, 3*k + h - 93 = 39. Is 12 a factor of k?
False
Let x be (15/6)/(2/64). Suppose 3*d + x = 4*u, 0*u - 60 = -3*u - 4*d. Is 5 a factor of u?
True
Let j = 49 + -109. Is j/75 + (-2328)/(-10) a multiple of 29?
True
Let t = 14 + -23. Let b(f) = -f - 40 + 0*f + 61. Does 30 divide b(t)?
True
Is 48/15*3125/50 a multiple of 10?
True
Suppose -14*q + 2*q - 36 = 0. Let f = 69 - q. Is f a multiple of 24?
True
Let j(k) be the second derivative of -k**3/6 + 19*k**2 + 10*k. Does 9 divide j(11)?
True
Let m = 9 - 6. Let y(c) = m + 0*c + 2 - 4*c + 6*c. Is 11 a factor of y(9)?
False
Let z(i) = 8*i**2. Let b be z(-1). Suppose 1 = 4*k - 15. Does 15 divide 242/b + (-1)/k?
True
Let w be (-2 + 1)/((-74)/24 + 3). Is (143/4)/(3/w) a multiple of 13?
True
Let b = 165 - 55. Let h = -62 + b. Suppose -8*y = -9*y + h. Is y a multiple of 12?
True
Let p(j) be the first derivative of j**6/360 + j**5/12 + j**4/8 + 8*j**3/3 + 2. Let f(a) be the third derivative of p(a). Is 9 a factor of f(-12)?
True
Is (-1856)/2*(-22)/44 a multiple of 29?
True
Let k = -22 + 28. Suppose k*q + 2*q - 952 = 0. Is 30 a factor of q?
False
Suppose 3*d - 60 = -12*d. Suppose -2*o + j - 3*j = -60, d*o = -2*j + 110. Is o a multiple of 2?
False
Let o be (-3)/(-6)*(0 - -2). Let c(h) = -h**2 + 4*h + o + 0*h**2 - 3 - 13*h. Is c(-7) a multiple of 3?
True
Suppose -3*z = 5*v + 296, -2*v - 2*v + 190 = -2*z. Let i be ((-1)/(-1))/1*-67. Let c = i - z. Is 15 a factor of c?
True
Let a(s) = -s**3 + 7*s**2 - 3*s - 11. Suppose 0 = 5*d + 15, -3*k + 28 = 2*k - d. Is a(k) a multiple of 12?
True
Suppose 5*t + 5*p = 4*p + 850, 149 = t - 4*p. Does 13 divide t?
True
Let i = -38 - -40. Does 19 divide 102*4/(i - -10)?
False
Suppose -20*k + 13108 = -23312. Does 38 divide k?
False
Suppose -264 = 3*h + 42. Let w(p) = -157*p + 1. Let a be w(-1). Let v = a + h. Is v a multiple of 14?
True
Suppose 12*j + 0*j - 36 = 0. Suppose 4*o + 216 = j*b, -2*b + 91 = 3*o - 36. Is b a multiple of 4?
True
Suppose 0 = -3*i - 9, i = g - 2*i - 206. Let r = g - 113. Is 14 a factor of r?
True
Let k(r) be the first derivative of 31*r**3/3 - 3*r**2/2 + 2*r - 8. Does 6 divide k(1)?
True
Let a(i) = -4*i + 21 + 2*i**2 + 16 - 37. Is a(-4) a multiple of 12?
True
Let w(z) = -z**3 - 3*z**2 + 2*z - 3. Let y be w(-4). Let k(i) = -i**3 + 5*i**2 + 9. Does 7 divide k(y)?
False
Let v(k) = -3*k**3 - k**2 + 2*k + 1. Let g be v(-1). Let t(r) = -g + r - 1 + r**2 + r**3 + 1 - 2. Is t(4) a multiple of 17?
False
Let z(o) = o**3 - o**2 - 4*o + 4. Let p be 14/3 + (-12)/18. Suppose -p = -j - 1. Is 3 a factor of z(j)?
False
Suppose 39*h - 72 = 37*h. Let z = 86 + -26. Suppose -z = -2*o + h. Does 16 divide o?
True
Let i(j) = j**3 + j**2 - 10*j - 34. Let q(c) = c**3 + c**2 - 11*c - 35. Let h(r) = -4*i(r) + 3*q(r). Is 46 a fact